{"id":39,"date":"2020-10-31T19:14:30","date_gmt":"2020-10-31T19:14:30","guid":{"rendered":"http:\/\/xn--op-xia.dk\/?page_id=39"},"modified":"2024-01-02T10:59:55","modified_gmt":"2024-01-02T10:59:55","slug":"home","status":"publish","type":"page","link":"https:\/\/xn--op-xia.dk\/","title":{"rendered":"Hjem"},"content":{"rendered":"\n<p>Skyderesultater vil blive offenligtgjort s\u00e5 snart de forel\u00e6gger.<\/p>\n\n\n\n<p>Resulater for 2012 til 2024 kan udleveres p\u00e5 forlangende.<\/p>\n","protected":false},"excerpt":{"rendered":"<p>Skyderesultater vil blive offenligtgjort s\u00e5 snart de forel\u00e6gger. Resulater for 2012 til 2024 kan udleveres p\u00e5 forlangende.<\/p>\n","protected":false},"author":1,"featured_media":0,"parent":0,"menu_order":0,"comment_status":"closed","ping_status":"closed","template":"","meta":{"footnotes":""},"_links":{"self":[{"href":"https:\/\/xn--op-xia.dk\/index.php\/wp-json\/wp\/v2\/pages\/39"}],"collection":[{"href":"https:\/\/xn--op-xia.dk\/index.php\/wp-json\/wp\/v2\/pages"}],"about":[{"href":"https:\/\/xn--op-xia.dk\/index.php\/wp-json\/wp\/v2\/types\/page"}],"author":[{"embeddable":true,"href":"https:\/\/xn--op-xia.dk\/index.php\/wp-json\/wp\/v2\/users\/1"}],"replies":[{"embeddable":true,"href":"https:\/\/xn--op-xia.dk\/index.php\/wp-json\/wp\/v2\/comments?post=39"}],"version-history":[{"count":3,"href":"https:\/\/xn--op-xia.dk\/index.php\/wp-json\/wp\/v2\/pages\/39\/revisions"}],"predecessor-version":[{"id":45,"href":"https:\/\/xn--op-xia.dk\/index.php\/wp-json\/wp\/v2\/pages\/39\/revisions\/45"}],"wp:attachment":[{"href":"https:\/\/xn--op-xia.dk\/index.php\/wp-json\/wp\/v2\/media?parent=39"}],"curies":[{"name":"wp","href":"https:\/\/api.w.org\/{rel}","templated":true}]}}